is 10 + -2022220?
-2022210
In base 6, what is -1 + 4204?
4203
In base 2, what is -10 - 10111?
-11001
In base 3, what is 220212 - 0?
220212
In base 4, what is 0 - 30?
-30
In base 3, what is 112 + -101?
11
In base 12, what is 5 - 13?
-a
In base 3, what is -10 + -1022002?
-1022012
In base 12, what is 2 - 346?
-344
In base 5, what is 1333 + 10?
1343
In base 2, what is 10101011 - -1011?
10110110
In base 12, what is 4b - -52?
a1
In base 15, what is e66e - 5?
e669
In base 8, what is -53 + 3?
-50
In base 14, what is 2 - 4?
-2
In base 11, what is 0 - 181?
-181
In base 12, what is -111 + -2?
-113
In base 12, what is -1 - 2298?
-2299
In base 8, what is 5652 + -2?
5650
In base 10, what is -23477 + -4?
-23481
In base 4, what is -1313302 - -1?
-1313301
In base 3, what is -111 - 2210?
-10021
In base 14, what is d56 + 2?
d58
In base 3, what is -111102111 - 10?
-111102121
In base 9, what is 11 - -3?
14
In base 7, what is -1 + -55?
-56
In base 2, what is 1010010 - 11?
1001111
In base 2, what is 1011111 + -1000?
1010111
In base 7, what is 3 + 2105?
2111
In base 16, what is -1 + -90?
-91
In base 2, what is -10010 - -1101111110?
1101101100
In base 9, what is -3 + -265?
-268
In base 14, what is 48d + -7?
486
In base 4, what is 10202 - -1?
10203
In base 16, what is 5 - -4e?
53
In base 4, what is -1003 - 11?
-1020
In base 2, what is 110 - -10101000011?
10101001001
In base 5, what is 4 + 111?
120
In base 3, what is -100200 - 10?
-100210
In base 4, what is 20 + 32?
112
In base 6, what is 15 + -5?
10
In base 10, what is 2 + 0?
2
In base 14, what is 0 - -18?
18
In base 7, what is -1253 - 33?
-1316
In base 9, what is -57 + -8?
-66
In base 8, what is -31 + -142?
-173
In base 10, what is -26 - -1103?
1077
In base 11, what is -218 - 0?
-218
In base 2, what is -10100111 + 1?
-10100110
In base 10, what is 4 - 47?
-43
In base 12, what is 0 - 65?
-65
In base 8, what is -32 + -1007?
-1041
In base 4, what is 21 + -20?
1
In base 3, what is 12 - 2012?
-2000
In base 9, what is -10 + 1586?
1576
In base 6, what is -4 - 31330?
-31334
In base 11, what is 27 - 6?
21
In base 12, what is 2 - -1b?
21
In base 8, what is -5 + 4?
-1
In base 3, what is -212 + 1200?
211
In base 5, what is -4 + 42321?
42312
In base 9, what is -8 - 142?
-151
In base 6, what is 2 - 452?
-450
In base 5, what is 10 + 31321?
31331
In base 4, what is -21 + 311?
230
In base 16, what is -66 - 1f?
-85
In base 11, what is -392 - -2?
-390
In base 5, what is 20023 - 2?
20021
In base 15, what is -2e5 - 2d?
-323
In base 7, what is -4 - 4?
-11
In base 6, what is 4230 + 4?
4234
In base 16, what is 1a - b?
f
In base 8, what is -2 - 1515?
-1517
In base 5, what is -2321 + 10?
-2311
In base 12, what is 126b - 4?
1267
In base 8, what is -7 + -325?
-334
In base 10, what is -6 + 24?
18
In base 14, what is -5b - 21?
-7c
In base 13, what is -1 - -1474?
1473
In base 12, what is 12 - -1b7?
209
In base 12, what is 2b - 125?
-b6
In base 16, what is -3 - -18e8?
18e5
In base 4, what is -302212 + 1?
-302211
In base 6, what is -4 + -33?
-41
In base 3, what is 2221020 - -12?
2221102
In base 9, what is -5 + 1626?
1621
In base 8, what is -13714 - -4?
-13710
In base 10, what is -3 + -293?
-296
In base 10, what is -1 - -170?
169
In base 9, what is 3 + -12?
-8
In base 11, what is 15 - -4?
19
In base 11, what is 0 + 644?
644
In base 12, what is 2 + 75?
77
In base 7, what is -32 - -1046?
1014
In base 15, what is 1 - 55?
-54
In base 15, what is 2 + 41?
43
In base 2, what is -1000 - 1101?
-10101
In base 13, what is 73 - 2?
71
In base 13, what is -2 + -581?
-583
In base 12, what is -3 - 40?
-43
In base 9, what is -3 - -3888?
3885
In base 4, what is 11 + 33223?
33300
In base 14, what is -16 - -61?
49
In base 13, what is b - -4?
12
In base 9, what is -17 - 1?
-18
In base 15, what is 5c + 5?
62
In base 4, what is -10 - 302000?
-302010
In base 2, what is 100111001101111 - -100?
100111001110011
In base 7, what is 3 + 110?
113
In base 14, what is -10 + -34?
-44
In base 10, what is 3 + 47?
50
In base 8, what is 102 - 26?
54
In base 3, what is -10 + -1120?
-1200
In base 4, what is -10230 - 11?
-10301
In base 7, what is -145 + 346?
201
In base 16, what is 0 + 7bf?
7bf
In base 12, what is -1a6 - -3?
-1a3
In base 3, what is -10100 + -1110?
-11210
In base 6, what is 5 - 5?
0
In base 5, what is 144 - 4?
140
In base 5, what is 210 + 11?
221
In base 14, what is 1 + -350?
-34d
In base 2, what is -11111000100101 - -10?
-11111000100011
In base 8, what is 202 - 51?
131
In base 12, what is -20 + 6b?
4b
In base 9, what is -11 - 45?
-56
In base 10, what is -3435 + -4?
-3439
In base 9, what is 78378 - -5?
78384
In base 2, what is 1000001 - 10111?
101010
In base 9, what is 135 - 5?
130
In base 6, what is -2 - 40?
-42
In base 14, what is -246 - -14?
-232
In base 15, what is -1 - -d?
c
In base 9, what is 42 - -482?
534
In base 12, what is -9b4b + 1?
-9b4a
In base 8, what is -20 - 41?
-61
In base 11, what is 15a - 18?
142
In base 11, what is -15314 - 3?
-15317
In base 5, what is -2 - 1044?
-1101
In base 2, what is -11 - 100000?
-100011
In base 11, what is -8 + 54a?
542
In base 13, what is -3 + -2772?
-2775
In base 5, what is 0 + 12222?
12222
In base 4, what is -1 + 33233?
33232
In base 9, what is 5 - 2646?
-2641
In base 6, what is 204 + -452?
-244
In base 7, what is 1 + 205?
206
In base 4, what is 220333 - 11?
220322
In base 13, what is 205 - 9?
1c9
In base 5, what is -32 - -10110?
10023
In base 16, what is 1d7 - -4?
1db
In base 16, what is -1d + -35?
-52
In base 11, what is -a4 + -25?
-119
In base 2, what is 11 - 10000011101?
-10000011010
In base 5, what is -100 + 1203?
1103
In base 11, what is 1 - 9?
-8
In base 15, what is -132 + -7?
-139
In base 12, what is 747 + 0?
747
In base 8, what is -2 + 502?
500
In base 5, what is 43 - -114?
212
In base 14, what is -2c3 + -22?
-305
In base 2, what is 0 + 1111000?
1111000
In base 14, what is -10 - -20?
10
In base 2, what is -10100000100001 + 100?
-10100000011101
In base 2, what is -10 - -1010000000?
1001111110
In base 16, what is aa + -b?
9f
In base 9, what is 27 + 10?
37
In base 10, what is 3 + -928?
-925
In base 6, what is 5 - 110?
-101
In base 7, what is 13215 - -1?
13216
In base 16, what is 3 + -81e?
-81b
In base 11, what is -3 - 7a8?
-800
In base 7, what is -3 - 122?
-125
In base 11, what is 12 - 16?
-4
In base 13, what is -a97 + 0?
-a97
In base 2, what is -101 + 100011?
11110
In base 6, what is 2240 - 1?
2235
In base 10, what is -457 - 4?
-461
In base 9, what is 1653 - -1?
1654
In base 2, what is 111000011010100 + 0?
111000011010100
In base 4, what is 1 + -2?
-1
In base 2, what is 101 - 10011011?
-10010110
In base 11, what is 509 - 5?
504
In base 9, what is 55 + -3?
52
In base 16, what is 1 + -4?
-3
In base 7, what is -3 - 10064?
-10100
In base 8, what is -2 + -1321?
-1323
In base 5, what is -11403 + 1?
-11402
In base 8, what is -566 - 0?
-566
In base 4, what is 11 - 113322?
-113311
In base 10, what is -1655 + 1?
-1654
In base 4, what is -11 - 23?
-100
In base 15, what is 4a0 + -1?
49e
In base 12, what is 24 + 4?
28
In base 11, what is -a - 1431?
-1440
In base 5, what is -3 - 1031?
-1034
In base 14, what is -192 + -5?
-197
In base 4, what is 11 + 100103?
100120
In base 10, what is -364 - 4?
-368
In base 3, what is 22 + 1010?
1102
In base 12, what is 20 - -14?
34
In base 9, what is 31 + -755?
-724
In base 2, what is -10010000 - 101000?
-10111000
In base 10, what is -2 - 132?
-134
In base 8, what is -351 + -3?
-354
In base 11, what is -8 - 1a?
-27
In base 16, what is -10f + -1?
-110
In base 7, what is 1 + -32?
-31
In base 2, what is 101101010 + 1?
101101011
In base 8, what is -1 - -274?
273
In base 14, what is a + 6d4?
700
In base 9, what is 115 - 1?
114
In base 6, what is -3 + 40?
33
In base 12, what is -3 + -3b?
-42
In base 14, what is 5 + 35?
3a
In base 8, what is 0 + -256?
-256
In base 12, what is -1 + -43?
-44
In base 4, what is 1 + 13233?
13300
In base 7, what is -4 - -140?
133
In base 16, what is -f - -36?
27
In base 5, what is 113 - 1030?
-412
In base 3, what is 1100202 - 2?
1100200
In base 10, what is 62 + -63?
-1
In base 4, what is 1 + 223?
230
In base 11, what is 5 + 435?
43a
In base 6, what is 100140 + 5?
100145
In base 14, what is 13 + -c?
5
In base 3, what is -2 - 1021?
-1100
In base 15, what is 1 + -5c7?
-5c6
In base 